*g**2 - 69*g - 147. Give r(71).
-5
Let o(i) = 2*i**2 - 39*i - 95. Determine o(22).
15
Let x(m) = -m**3 + 9*m**2 + m - 16. Calculate x(9).
-7
Let f(x) = -19*x - 7. Determine f(-1).
12
Let l(v) = -v**2 + 11*v - 9. Determine l(16).
-89
Let b(g) = -g**3 + 9*g**2 + 3*g - 7. Calculate b(10).
-77
Let m(x) = -x**2 + 6*x - 6. Determine m(6).
-6
Let h(o) = -o**2 + 21*o + 117. Calculate h(-5).
-13
Let v(i) = -3*i**2 + 7*i - 7. What is v(2)?
-5
Let v(b) = -b**3 + 7*b**2 - 15*b + 5. Give v(3).
-4
Let x(j) = 8*j + 3. Determine x(-5).
-37
Let b(d) = -2*d**2 + 10*d + 11. Determine b(6).
-1
Let w(m) = m**3 - 5*m**2 - 9*m + 2. Calculate w(7).
37
Let p(f) = -16*f + 5. Determine p(-3).
53
Let t(d) = -4*d**3 - 2*d**2 + 2. Give t(-1).
4
Let b(i) = -i**3 + 7*i**2 - 12*i + 31. Determine b(6).
-5
Let r(p) = 6*p - 20. What is r(15)?
70
Let t(i) = -3*i - 8. Give t(0).
-8
Let s(o) = -11*o - 2. Give s(-1).
9
Let q(z) = -z**3 - z**2 - 2*z. Give q(2).
-16
Let k(l) = -2*l**3 - l**2 - 2*l - 1. Calculate k(2).
-25
Let z(o) = 2*o - 71. Determine z(38).
5
Let u(d) = -d**3 - 21*d**2 - 40*d - 40. What is u(-19)?
-2
Let u(b) = -28*b + 39. Calculate u(1).
11
Let g(y) = y**3 - 8*y**2 + 12*y + 8. What is g(6)?
8
Let h(r) = 14*r**2 - 22*r - 23. Give h(-1).
13
Let i(w) = w**3 - 6*w - 14. Determine i(-4).
-54
Let d(p) = -p + 29. Calculate d(31).
-2
Let d(t) = -t**3 + 19*t**2 + 17*t + 58. What is d(20)?
-2
Let r(l) = -l**2 - 21*l + 26. Calculate r(-18).
80
Let r(c) = c**3 - 14*c**2 - 2*c - 12. Give r(14).
-40
Let f(j) = j**3 + 16*j**2 + 13*j + 10. Calculate f(-15).
40
Let u(h) = -h**2 + 8*h + 2. Calculate u(5).
17
Let l(s) = s**2 - 8*s. What is l(5)?
-15
Let z(y) = y**2 + 4*y - 4. Determine z(-8).
28
Let u(q) = -q**3 + 6*q**2 + 6*q - 2. Determine u(7).
-9
Let x(f) = -51*f**3 - 2*f**2 - 11*f - 10. What is x(-1)?
50
Let t(b) = b**3 - b - 20. Determine t(0).
-20
Let a(g) = 16*g - 143. Give a(10).
17
Let r(w) = -8*w - 1. Determine r(2).
-17
Let i(y) = -2*y**3 - 12*y**2 - 3*y - 8. Calculate i(-6).
10
Let r(o) = -9*o - 8. Determine r(-5).
37
Let b(x) = 2*x**2 - x - 2. Give b(-3).
19
Let g(i) = 2*i - 53. Determine g(24).
-5
Let s(u) = -u**2 + 6*u + 7. Give s(6).
7
Let b(h) = 3*h**3 - h**2 + 1. Give b(1).
3
Let o(v) = -v**2 - 17*v - 13. What is o(-14)?
29
Let r(a) = 2*a**2 + 15*a + 39. What is r(-4)?
11
Let w(m) = 2*m - 11. Give w(-7).
-25
Let h(x) = 6*x**2 - 36*x + 2. Determine h(6).
2
Let o(t) = -3*t**2 + 24*t - 21. What is o(6)?
15
Let k(v) = 10*v + 59. Calculate k(-6).
-1
Let t(j) = -5*j - 116. Give t(-19).
-21
Let j(d) = -2*d**2 - 31*d + 31. Determine j(-16).
15
Let s(c) = 22*c - 1. Give s(-1).
-23
Let h(r) = 19*r + 7. What is h(-3)?
-50
Let f(c) = 13*c - 1. Determine f(-2).
-27
Let i(z) = -2*z**2 + 18*z. Give i(2).
28
Let l(k) = 22*k - 1. What is l(1)?
21
Let j(r) = 2*r**2 - 25*r + 7. Calculate j(12).
-5
Let x(i) = i**3 - 6*i**2 + 8*i + 6. What is x(6)?
54
Let t(j) = -3*j**2 - 5*j - 1. Calculate t(-4).
-29
Let o(l) = 6*l**2 + 2*l + 2. Calculate o(-1).
6
Let r(u) = 7*u**2 + 326*u - 136. Determine r(-47).
5
Let k(i) = -i**3 - 7*i**2 + 7*i + 4. Determine k(-5).
-81
Let q(b) = b**3 - 8*b**2 + 2*b - 3. Give q(7).
-38
Let r(o) = -o**2 + 6*o - 8. Determine r(10).
-48
Let i(y) = 6*y + 48. Determine i(-7).
6
Let u(v) = 2*v - 16. Calculate u(-7).
-30
Let u(h) = 5*h + 11. Give u(5).
36
Let z(p) = -15*p**3 - 7*p**2 - 5*p + 3. Give z(-1).
16
Let u(n) = -2*n + 2. Calculate u(4).
-6
Let m(d) = -d**2 + 13*d - 22. What is m(11)?
0
Let t(m) = m**2 + 6*m - 7. What is t(1)?
0
Let v(i) = -10*i**3 + 2*i**2 + i. Determine v(-1).
11
Let d(q) = 4*q**2 - q - 8. Calculate d(4).
52
Let t(m) = m**3 - m - 3. Determine t(3).
21
Let w(z) = -58*z**3 + 2*z**2 + 2*z + 1. Give w(-1).
59
Let g(c) = 13*c - 4. Give g(-2).
-30
Let g(v) = v + 27. Calculate g(0).
27
Let y(p) = p**2 - 5*p - 3. Give y(7).
11
Let v(y) = -2*y**3 - 30*y**2 - 53*y + 1. Determine v(-13).
14
Let c(w) = -3*w**2 - 3*w. Determine c(4).
-60
Let j(y) = -2*y**2 + 9*y - 17. Give j(2).
-7
Let z(u) = -6*u + 20. Determine z(4).
-4
Let w(m) = 2*m**2 - 12*m + 6. Give w(5).
-4
Let v(d) = -3*d**2 + 4*d + 2. Determine v(-1).
-5
Let u(o) = o**2 - 14*o + 10. Determine u(9).
-35
Let s(z) = -2*z**2 + 13*z + 18. Calculate s(10).
-52
Let a(v) = v**3 - v**2 + v + 9. What is a(0)?
9
Let w(z) = z**3 + 20*z**2 - 45*z + 12. Determine w(-22).
34
Let c(a) = a**2 - 10*a + 16. Give c(2).
0
Let a(l) = 6*l - 11. What is a(6)?
25
Let b(n) = 3*n**2 - 86*n + 59. What is b(28)?
3
Let s(y) = -2*y + 5. Determine s(-6).
17
Let p(d) = -d**2 + 17*d - 8. Calculate p(13).
44
Let b(w) = -w**2 + 7*w + 12. Determine b(9).
-6
Let y(h) = h**3 - 3*h**2 - 11*h + 2. Calculate y(5).
-3
Let s(u) = -u**3 + 12*u**2 - 35*u + 14. Determine s(8).
-10
Let y(k) = 5*k - 2. What is y(-2)?
-12
Let v(l) = -l**2 + 6*l - 9. Calculate v(6).
-9
Let u(p) = 5*p - 4. Give u(8).
36
Let p(c) = -12*c + 134. Give p(11).
2
Let l(j) = 24*j - 97. Give l(4).
-1
Let m(b) = -b**3 - 5*b**2 - 2*b - 5. What is m(-4)?
-13
Let g(u) = -6*u + 3. Give g(2).
-9
Let d(a) = 2*a - 2. What is d(4)?
6
Let y(o) = -o**3 - 13*o**2 - 16*o - 28. Calculate y(-12).
20
Let s(z) = -z**3 + 7*z**2 + 21*z - 5. Determine s(9).
22
Let c(p) = 5*p - 10. What is c(7)?
25
Let r(v) = -v**3 + 5*v**2 + 3*v + 2. What is r(5)?
17
Let w(v) = -2*v**2 - 31*v + 24. What is w(-16)?
8
Let m(g) = -13*g**2 - 7*g - 6. Determine m(-1).
-12
Let x(p) = -3*p**2 - 7*p - 2. Give x(-6).
-68
Let c(d) = -d**3 - 11*d**2 - 10*d + 11. What is c(-10)?
11
Let u(p) = -p**3 + 9*p**2 - p - 38. What is u(8)?
18
Let k(u) = u**3 - 8*u**2 + 8*u - 2. Give k(6).
-26
Let a(h) = -h**3 + 3*h**2 - 7*h + 9. What is a(2)?
-1
Let c(j) = -j - 6. Give c(-13).
7
Let o(x) = -x**3 - 43*x**2 - 118*x + 1. Determine o(-3).
-5
Let z(k) = -k**3 + 16*k**2 + 2*k - 17. Give z(16).
15
Let g(x) = -x**2 - 4*x + 6. Calculate g(-6).
-6
Let d(t) = -2*t**2 + 58*t + 192. Calculate d(32).
0
Let f(s) = 284*s + 3. Give f(0).
3
Let v(i) = i**3 + 16*i**2 - 29*i + 127. Calculate v(-18).
1
Let j(w) = w - 36. Determine j(9).
-27
Let y(p) = p**2 - 12*p + 3. What is y(4)?
-29
Let v(u) = 5*u**3 - 4*u**2 - 4*u - 2. What is v(2)?
14
Let p(s) = s**3 + 4*s**2 - 3*s + 3. Calculate p(-5).
-7
Let r(i) = -i + 25. Calculate r(16).
9
Let l(v) = -v**2 - 5*v - 13. Calculate l(-2).
-7
Let w(s) = -8*s - 6. Determine w(-5).
34
Let a(k) = -k + 3. What is a(8)?
-5
Let o(f) = -14*f - 1. Give o(-2).
27
Let c(v) = 3*v**2 + 9*v + 9. Calculate c(-2).
3
Let y(j) = -6*j + 14. Determine y(-10).
74
Let p(q) = -q**2 - 5*q - 1. Give p(-5).
-1
Let z(p) = -11*p + 2. Calculate z(1).
-9
Let i(w) = w**3 - 10*w**2 - 10*w - 17. Determine i(11).
-6
Let d(p) = -2*p**2 - 18*p - 11. Give d(-9).
-11
Let q(r) = r**3 - 7*r**2 - 8*r + 12. Give q(8).
12
Let y(l) = -12*l + 65. Calculate y(5).
5
Let n(r) = -r**2 - 13*r + 41. Determine n(-19).
-73
Let n(r) = 3*r**2 - 3*r - 4. Give n(2).
2
Let w(c) = -c**2 - 17*c + 8. Determine w(-19).
-30
Let k(q) = -q**3 + 39*q**2 - 38*q + 2. Determine k(38).
2
Let o(j) = j**3 - j**2 + 14. Determine o(0).
14
Let u(g) = 2*g**3 - 10*g**2 + 13*g - 7. Determine u(3).
-4
Let w(q) = -q**3 + q**2 + q - 2. Give w(0).
-2
Let l(p) = -p**3 + 13*p**2 - 8*p - 17. Determine l(12).
31
Let s(x) = -x**3 + 11*x + 5. Give s(-3).
-1
Let v(m) = m - 7. Calculate v(-5).
-12
Let g(t) = -t**3 + 35*t**2 - 67*t + 31. Give g(33).
-2
Let d(z) = -z**3 + 9*z**2 - 9*z - 4. What is d(8)?
-12
Let p(i) = 2*i**2 - 4*i - 32. Calculate p(-6).
64
Let v(u) = -u**2 + 11*u + 1. Determine v(9).
19
Let x(n) = -6*n + 21. What is x(4)?
-3
Let g(l) = 2*l**3 - 60*l**2 - 61*l - 40. Calculate g(31).
-9
Let h(z) = 2*z**2 - 9*z + 2. Determine h(4).
-2
Let q(w) = -6*w**2 - 2*w + 2. Determine q(-4).
-86
Let i(o) = 3*o**2 - 28*o + 3. Give i(10).
23
Let l(w) = -10*w - 5. What is l(7)?
-75
Let c(t) = -47*t - 99. Give c(-2).
-5
Let r(b) = -b**2 - 11*b - 5. What is r(-5)?
25
Let p(d) = 8*d + 18. Determine p(-4).
-14
Let a(g) = -g**3 - 3*g**2 + 2*g - 4. Determine a(-4).
4
Let q(k) = k**3 - 4*k**2 + 5*k - 3. Give q(3).
3
Let x(t) = 15*t + 79. Calculate x(-7).
-26
Let w(j) = j**3 + 5*j**2 + 3*j + 5. Determine w(-5).
-10
Let m(j) = j**3 + 4*j**2 - 10. What is m(-3)?
-1
Let a(d) = -6*d + 10. Give a(3).
-8
Let m(i) = 8*i**2 + 25*i - 21. Give m(-4).
7
Let p(k) = -k**2 - 16*k - 13. What is p(-13)?
26
Let d(u) = 3*